{"id":1419,"date":"2022-11-13T22:47:52","date_gmt":"2022-11-13T22:47:52","guid":{"rendered":"https:\/\/insmetan.com.ar\/web\/?page_id=1419"},"modified":"2022-11-29T22:59:48","modified_gmt":"2022-11-29T22:59:48","slug":"institucional","status":"publish","type":"page","link":"https:\/\/insmetan.com.ar\/web\/institucional\/","title":{"rendered":"INSTITUCIONAL"},"content":{"rendered":"\t\t<div data-elementor-type=\"wp-page\" data-elementor-id=\"1419\" class=\"elementor elementor-1419\">\n\t\t\t\t\t\t<section class=\"elementor-section elementor-top-section elementor-element elementor-element-ff0753c elementor-section-boxed elementor-section-height-default elementor-section-height-default\" data-id=\"ff0753c\" data-element_type=\"section\" data-e-type=\"section\">\n\t\t\t\t\t\t<div class=\"elementor-container elementor-column-gap-default\">\n\t\t\t\t\t<div class=\"elementor-column elementor-col-100 elementor-top-column elementor-element elementor-element-8bba94b\" data-id=\"8bba94b\" data-element_type=\"column\" data-e-type=\"column\">\n\t\t\t<div class=\"elementor-widget-wrap elementor-element-populated\">\n\t\t\t\t\t\t<div class=\"elementor-element elementor-element-3180492 elementor-widget elementor-widget-image\" data-id=\"3180492\" data-element_type=\"widget\" data-e-type=\"widget\" data-widget_type=\"image.default\">\n\t\t\t\t<div class=\"elementor-widget-container\">\n\t\t\t\t\t\t\t\t\t\t\t\t\t\t\t<img fetchpriority=\"high\" decoding=\"async\" width=\"858\" height=\"600\" src=\"https:\/\/insmetan.com.ar\/web\/wp-content\/uploads\/2022\/11\/institucional_insmetan1.jpg\" class=\"attachment-large size-large wp-image-1972\" alt=\"Mazza\" srcset=\"https:\/\/insmetan.com.ar\/web\/wp-content\/uploads\/2022\/11\/institucional_insmetan1.jpg 858w, https:\/\/insmetan.com.ar\/web\/wp-content\/uploads\/2022\/11\/institucional_insmetan1-300x210.jpg 300w, https:\/\/insmetan.com.ar\/web\/wp-content\/uploads\/2022\/11\/institucional_insmetan1-768x537.jpg 768w, https:\/\/insmetan.com.ar\/web\/wp-content\/uploads\/2022\/11\/institucional_insmetan1-504x352.jpg 504w\" sizes=\"(max-width: 858px) 100vw, 858px\" \/>\t\t\t\t\t\t\t\t\t\t\t\t\t\t\t<\/div>\n\t\t\t\t<\/div>\n\t\t\t\t\t<\/div>\n\t\t<\/div>\n\t\t\t\t\t<\/div>\n\t\t<\/section>\n\t\t\t\t<section class=\"elementor-section elementor-top-section elementor-element elementor-element-e4b65e1 elementor-section-boxed elementor-section-height-default elementor-section-height-default\" data-id=\"e4b65e1\" data-element_type=\"section\" data-e-type=\"section\">\n\t\t\t\t\t\t<div class=\"elementor-container elementor-column-gap-default\">\n\t\t\t\t\t<div class=\"elementor-column elementor-col-50 elementor-top-column elementor-element elementor-element-3ff606a\" data-id=\"3ff606a\" data-element_type=\"column\" data-e-type=\"column\">\n\t\t\t<div class=\"elementor-widget-wrap elementor-element-populated\">\n\t\t\t\t\t\t<div class=\"elementor-element elementor-element-c36da77 elementor-widget elementor-widget-image\" data-id=\"c36da77\" data-element_type=\"widget\" data-e-type=\"widget\" data-widget_type=\"image.default\">\n\t\t\t\t<div class=\"elementor-widget-container\">\n\t\t\t\t\t\t\t\t\t\t\t\t\t\t\t<img decoding=\"async\" width=\"146\" height=\"25\" src=\"https:\/\/insmetan.com.ar\/web\/wp-content\/uploads\/2022\/11\/historia_insmetan_5.png\" class=\"attachment-large size-large wp-image-2004\" alt=\"\" \/>\t\t\t\t\t\t\t\t\t\t\t\t\t\t\t<\/div>\n\t\t\t\t<\/div>\n\t\t\t\t<div class=\"elementor-element elementor-element-23a28b7 elementor-widget elementor-widget-text-editor\" data-id=\"23a28b7\" data-element_type=\"widget\" data-e-type=\"widget\" data-widget_type=\"text-editor.default\">\n\t\t\t\t<div class=\"elementor-widget-container\">\n\t\t\t\t\t\t\t\t\t<p>En el a\u00f1o 1983, el argentino Miguel Angel Mazza logr\u00f3 concretar sus sue\u00f1os cuando en octubre de dicho a\u00f1o abri\u00f3 por primera vez las puertas de su empresa. Los a\u00f1os transcurrieron y tal emprendimiento creci\u00f3 para convertirse en INSMETAN S.R.L., Instalaciones Mec\u00e1nicas y Tanques, empresa que con el tiempo comenz\u00f3 a ser reconocida en todo el pa\u00eds.<\/p><p>Su camino se ampli\u00f3 considerablemente hasta abarcar rubros diversos; entre ellos la realizaci\u00f3n de obras civiles, construcci\u00f3n de estaciones de servicios, provisi\u00f3n de todos los productos necesarios para la industria como ser surtidores, tanques, bombas, picos, mangueras, accesorios, entre otros. A su vez, Insmetan se caracteriza por ser proveedor de aquellos servicios relacionados con instalaciones de tanques de combustible, pruebas hidr\u00e1ulicas, calibraci\u00f3n de surtidores, limpieza y plastificado de tanques, y muchos otros m\u00e1s.<\/p><p>En la actualidad sus hijos han hecho de INSMETAN una empresa familiar que, debido a su pujante desarrollo, hoy en d\u00eda se ha convertido en una compa\u00f1\u00eda l\u00edder en Argentina. Con casi cuarenta a\u00f1os en el mercado INSMETAN apuesta al desarrollo constante e innovaci\u00f3n en los productos y servicios que ofrece a sus clientes, buscando siempre la mejor calidad, compromiso y crecimiento.<\/p>\t\t\t\t\t\t\t\t<\/div>\n\t\t\t\t<\/div>\n\t\t\t\t\t<\/div>\n\t\t<\/div>\n\t\t\t\t<div class=\"elementor-column elementor-col-50 elementor-top-column elementor-element elementor-element-c8499eb\" data-id=\"c8499eb\" data-element_type=\"column\" data-e-type=\"column\">\n\t\t\t<div class=\"elementor-widget-wrap elementor-element-populated\">\n\t\t\t\t\t\t<div class=\"elementor-element elementor-element-a2f8f0c elementor-widget elementor-widget-image\" data-id=\"a2f8f0c\" data-element_type=\"widget\" data-e-type=\"widget\" data-widget_type=\"image.default\">\n\t\t\t\t<div class=\"elementor-widget-container\">\n\t\t\t\t\t\t\t\t\t\t\t\t\t\t\t<img decoding=\"async\" width=\"429\" height=\"619\" src=\"https:\/\/insmetan.com.ar\/web\/wp-content\/uploads\/2022\/11\/a_institucional_insmetan.png\" class=\"attachment-large size-large wp-image-2013\" alt=\"Insmetan\" srcset=\"https:\/\/insmetan.com.ar\/web\/wp-content\/uploads\/2022\/11\/a_institucional_insmetan.png 429w, https:\/\/insmetan.com.ar\/web\/wp-content\/uploads\/2022\/11\/a_institucional_insmetan-208x300.png 208w\" sizes=\"(max-width: 429px) 100vw, 429px\" \/>\t\t\t\t\t\t\t\t\t\t\t\t\t\t\t<\/div>\n\t\t\t\t<\/div>\n\t\t\t\t\t<\/div>\n\t\t<\/div>\n\t\t\t\t\t<\/div>\n\t\t<\/section>\n\t\t\t\t<\/div>\n\t\t","protected":false},"excerpt":{"rendered":"<p>En el a\u00f1o 1983, el argentino Miguel Angel Mazza logr\u00f3 concretar sus sue\u00f1os cuando en octubre de dicho a\u00f1o abri\u00f3 por primera vez las puertas de su empresa. Los a\u00f1os transcurrieron y tal emprendimiento creci\u00f3 para convertirse en INSMETAN S.R.L., Instalaciones Mec\u00e1nicas y Tanques, empresa que con el tiempo comenz\u00f3 a ser reconocida en todo [&hellip;]<\/p>\n","protected":false},"author":1,"featured_media":0,"parent":0,"menu_order":0,"comment_status":"closed","ping_status":"closed","template":"","meta":{"om_disable_all_campaigns":false,"_monsterinsights_skip_tracking":false,"_monsterinsights_sitenote_active":false,"_monsterinsights_sitenote_note":"","_monsterinsights_sitenote_category":0,"ocean_post_layout":"","ocean_both_sidebars_style":"","ocean_both_sidebars_content_width":0,"ocean_both_sidebars_sidebars_width":0,"ocean_sidebar":"0","ocean_second_sidebar":"0","ocean_disable_margins":"enable","ocean_add_body_class":"","ocean_shortcode_before_top_bar":"","ocean_shortcode_after_top_bar":"","ocean_shortcode_before_header":"","ocean_shortcode_after_header":"","ocean_has_shortcode":"","ocean_shortcode_after_title":"","ocean_shortcode_before_footer_widgets":"","ocean_shortcode_after_footer_widgets":"","ocean_shortcode_before_footer_bottom":"","ocean_shortcode_after_footer_bottom":"","ocean_display_top_bar":"default","ocean_display_header":"default","ocean_header_style":"","ocean_center_header_left_menu":"0","ocean_custom_header_template":"0","ocean_custom_logo":0,"ocean_custom_retina_logo":0,"ocean_custom_logo_max_width":0,"ocean_custom_logo_tablet_max_width":0,"ocean_custom_logo_mobile_max_width":0,"ocean_custom_logo_max_height":0,"ocean_custom_logo_tablet_max_height":0,"ocean_custom_logo_mobile_max_height":0,"ocean_header_custom_menu":"0","ocean_menu_typo_font_family":"0","ocean_menu_typo_font_subset":"","ocean_menu_typo_font_size":0,"ocean_menu_typo_font_size_tablet":0,"ocean_menu_typo_font_size_mobile":0,"ocean_menu_typo_font_size_unit":"px","ocean_menu_typo_font_weight":"","ocean_menu_typo_font_weight_tablet":"","ocean_menu_typo_font_weight_mobile":"","ocean_menu_typo_transform":"","ocean_menu_typo_transform_tablet":"","ocean_menu_typo_transform_mobile":"","ocean_menu_typo_line_height":0,"ocean_menu_typo_line_height_tablet":0,"ocean_menu_typo_line_height_mobile":0,"ocean_menu_typo_line_height_unit":"","ocean_menu_typo_spacing":0,"ocean_menu_typo_spacing_tablet":0,"ocean_menu_typo_spacing_mobile":0,"ocean_menu_typo_spacing_unit":"","ocean_menu_link_color":"","ocean_menu_link_color_hover":"","ocean_menu_link_color_active":"","ocean_menu_link_background":"","ocean_menu_link_hover_background":"","ocean_menu_link_active_background":"","ocean_menu_social_links_bg":"","ocean_menu_social_hover_links_bg":"","ocean_menu_social_links_color":"","ocean_menu_social_hover_links_color":"","ocean_disable_title":"default","ocean_disable_heading":"default","ocean_post_title":"","ocean_post_subheading":"","ocean_post_title_style":"","ocean_post_title_background_color":"","ocean_post_title_background":0,"ocean_post_title_bg_image_position":"","ocean_post_title_bg_image_attachment":"","ocean_post_title_bg_image_repeat":"","ocean_post_title_bg_image_size":"","ocean_post_title_height":0,"ocean_post_title_bg_overlay":0.5,"ocean_post_title_bg_overlay_color":"","ocean_disable_breadcrumbs":"default","ocean_breadcrumbs_color":"","ocean_breadcrumbs_separator_color":"","ocean_breadcrumbs_links_color":"","ocean_breadcrumbs_links_hover_color":"","ocean_display_footer_widgets":"default","ocean_display_footer_bottom":"default","ocean_custom_footer_template":"0","footnotes":""},"class_list":["post-1419","page","type-page","status-publish","hentry","entry","owp-thumbs-layout-horizontal","owp-btn-normal","owp-tabs-layout-horizontal","has-no-thumbnails","has-product-nav"],"aioseo_notices":[],"_links":{"self":[{"href":"https:\/\/insmetan.com.ar\/web\/wp-json\/wp\/v2\/pages\/1419","targetHints":{"allow":["GET"]}}],"collection":[{"href":"https:\/\/insmetan.com.ar\/web\/wp-json\/wp\/v2\/pages"}],"about":[{"href":"https:\/\/insmetan.com.ar\/web\/wp-json\/wp\/v2\/types\/page"}],"author":[{"embeddable":true,"href":"https:\/\/insmetan.com.ar\/web\/wp-json\/wp\/v2\/users\/1"}],"replies":[{"embeddable":true,"href":"https:\/\/insmetan.com.ar\/web\/wp-json\/wp\/v2\/comments?post=1419"}],"version-history":[{"count":35,"href":"https:\/\/insmetan.com.ar\/web\/wp-json\/wp\/v2\/pages\/1419\/revisions"}],"predecessor-version":[{"id":2016,"href":"https:\/\/insmetan.com.ar\/web\/wp-json\/wp\/v2\/pages\/1419\/revisions\/2016"}],"wp:attachment":[{"href":"https:\/\/insmetan.com.ar\/web\/wp-json\/wp\/v2\/media?parent=1419"}],"curies":[{"name":"wp","href":"https:\/\/api.w.org\/{rel}","templated":true}]}}