{"id":1930,"date":"2022-11-28T19:05:08","date_gmt":"2022-11-28T19:05:08","guid":{"rendered":"https:\/\/insmetan.com.ar\/web\/?post_type=product&#038;p=1930"},"modified":"2022-11-28T19:13:09","modified_gmt":"2022-11-28T19:13:09","slug":"pallet-con-superficie-antideslizante","status":"publish","type":"product","link":"https:\/\/insmetan.com.ar\/web\/producto\/pallet-con-superficie-antideslizante\/","title":{"rendered":"Pallet con Superficie Antideslizante"},"content":{"rendered":"<p>PALLET CON SUPERFICIE ANTIDESLIZANTE<\/p>\n<p>Material: PE de media densidad<br \/>\nPosee una estructura met\u00e1lica en su interior<br \/>\nResistente frente a los qu\u00edmicos y altas\/bajas temperaturas.<br \/>\nAprobado por SENASA y Bromatolog\u00eda.<\/p>\n<p>USOS: Ideal para laboratorios, frigor\u00edficos, l\u00e1cteas y dep\u00f3sitos.<br \/>\nAptos para uso exterior.<\/p>\n<p>C\u00f3digo Producto: PNAC-05<br \/>\nProducto: Pallet Nacional con Superficie Antideslizante<br \/>\nCapacidad: Est\u00e1tica 2000 KG \/ Din\u00e1mica 1000 KG<br \/>\nTama\u00f1o: 1200 x 1000 x 150 mm<br \/>\nPatas: 9<\/p>\n<p>C\u00f3digo Producto: PNAC-06<br \/>\nProducto: Pallet Nacional Superficie Antideslizante<br \/>\nCapacidad: Est\u00e1tica 2000 KG \/ Din\u00e1mica 1500 KG \/ Rack 1000 KG<br \/>\nTama\u00f1o: 1200 x 1000 x 150 mm<br \/>\nPatas: 3<\/p>\n<p>C\u00f3digo Producto: PNAC-07<br \/>\nProducto: Pallet Nacional Superficie Antideslizante<br \/>\nCapacidad: Est\u00e1tica 700 KG \/ Din\u00e1mica 300 KG \/ Rack 100 KG<br \/>\nTama\u00f1o: 1200 x 800 x 150 mm<br \/>\nPatas: 3<\/p>\n<p>C\u00f3digo Producto: PNAC-08<br \/>\nProducto: Pallet Nacional Superficie Antideslizante<br \/>\nCapacidad: Est\u00e1tica 2000 KG \/ Din\u00e1mica 1000 KG \/ Rack 1000 KG<br \/>\nTama\u00f1o: 1200 x 150 mm<br \/>\nPatas: 3<\/p>\n<p>&nbsp;<\/p>\n","protected":false},"excerpt":{"rendered":"<p>PALLET CON SUPERFICIE ANTIDESLIZANTE Material: PE de media densidad Posee una estructura met\u00e1lica en su interior Resistente frente a los qu\u00edmicos y altas\/bajas temperaturas. Aprobado por SENASA y Bromatolog\u00eda. USOS: Ideal para laboratorios, frigor\u00edficos, l\u00e1cteas y dep\u00f3sitos. Aptos para uso exterior. C\u00f3digo Producto: PNAC-05 Producto: Pallet Nacional con Superficie Antideslizante Capacidad: Est\u00e1tica 2000 KG \/ [&hellip;]<\/p>\n","protected":false},"featured_media":1931,"comment_status":"closed","ping_status":"closed","template":"","meta":{"om_disable_all_campaigns":false,"_monsterinsights_skip_tracking":false,"_monsterinsights_sitenote_active":false,"_monsterinsights_sitenote_note":"","_monsterinsights_sitenote_category":0,"ocean_post_layout":"","ocean_both_sidebars_style":"","ocean_both_sidebars_content_width":0,"ocean_both_sidebars_sidebars_width":0,"ocean_sidebar":"0","ocean_second_sidebar":"0","ocean_disable_margins":"enable","ocean_add_body_class":"","ocean_shortcode_before_top_bar":"","ocean_shortcode_after_top_bar":"","ocean_shortcode_before_header":"","ocean_shortcode_after_header":"","ocean_has_shortcode":"","ocean_shortcode_after_title":"","ocean_shortcode_before_footer_widgets":"","ocean_shortcode_after_footer_widgets":"","ocean_shortcode_before_footer_bottom":"","ocean_shortcode_after_footer_bottom":"","ocean_display_top_bar":"default","ocean_display_header":"default","ocean_header_style":"","ocean_center_header_left_menu":"0","ocean_custom_header_template":"0","ocean_custom_logo":0,"ocean_custom_retina_logo":0,"ocean_custom_logo_max_width":0,"ocean_custom_logo_tablet_max_width":0,"ocean_custom_logo_mobile_max_width":0,"ocean_custom_logo_max_height":0,"ocean_custom_logo_tablet_max_height":0,"ocean_custom_logo_mobile_max_height":0,"ocean_header_custom_menu":"0","ocean_menu_typo_font_family":"0","ocean_menu_typo_font_subset":"","ocean_menu_typo_font_size":0,"ocean_menu_typo_font_size_tablet":0,"ocean_menu_typo_font_size_mobile":0,"ocean_menu_typo_font_size_unit":"px","ocean_menu_typo_font_weight":"","ocean_menu_typo_font_weight_tablet":"","ocean_menu_typo_font_weight_mobile":"","ocean_menu_typo_transform":"","ocean_menu_typo_transform_tablet":"","ocean_menu_typo_transform_mobile":"","ocean_menu_typo_line_height":0,"ocean_menu_typo_line_height_tablet":0,"ocean_menu_typo_line_height_mobile":0,"ocean_menu_typo_line_height_unit":"","ocean_menu_typo_spacing":0,"ocean_menu_typo_spacing_tablet":0,"ocean_menu_typo_spacing_mobile":0,"ocean_menu_typo_spacing_unit":"","ocean_menu_link_color":"","ocean_menu_link_color_hover":"","ocean_menu_link_color_active":"","ocean_menu_link_background":"","ocean_menu_link_hover_background":"","ocean_menu_link_active_background":"","ocean_menu_social_links_bg":"","ocean_menu_social_hover_links_bg":"","ocean_menu_social_links_color":"","ocean_menu_social_hover_links_color":"","ocean_disable_title":"default","ocean_disable_heading":"default","ocean_post_title":"","ocean_post_subheading":"","ocean_post_title_style":"","ocean_post_title_background_color":"","ocean_post_title_background":0,"ocean_post_title_bg_image_position":"","ocean_post_title_bg_image_attachment":"","ocean_post_title_bg_image_repeat":"","ocean_post_title_bg_image_size":"","ocean_post_title_height":0,"ocean_post_title_bg_overlay":0.5,"ocean_post_title_bg_overlay_color":"","ocean_disable_breadcrumbs":"default","ocean_breadcrumbs_color":"","ocean_breadcrumbs_separator_color":"","ocean_breadcrumbs_links_color":"","ocean_breadcrumbs_links_hover_color":"","ocean_display_footer_widgets":"default","ocean_display_footer_bottom":"default","ocean_custom_footer_template":"0"},"product_brand":[],"product_cat":[70,68],"product_tag":[82,81],"class_list":{"0":"post-1930","1":"product","2":"type-product","3":"status-publish","4":"has-post-thumbnail","6":"product_cat-contenedores-batea-y-pallets","7":"product_cat-elementos-de-seguridad","8":"product_tag-contenedores","9":"product_tag-elementos-de-seguridad","11":"entry","12":"has-media","14":"first","15":"instock","16":"shipping-taxable","17":"purchasable","18":"product-type-simple","19":"has-product-nav","20":"col","21":"span_1_of_3","22":"owp-content-center","23":"owp-thumbs-layout-horizontal","24":"owp-btn-normal","25":"owp-tabs-layout-horizontal"},"aioseo_notices":[],"_links":{"self":[{"href":"https:\/\/insmetan.com.ar\/web\/wp-json\/wp\/v2\/product\/1930","targetHints":{"allow":["GET"]}}],"collection":[{"href":"https:\/\/insmetan.com.ar\/web\/wp-json\/wp\/v2\/product"}],"about":[{"href":"https:\/\/insmetan.com.ar\/web\/wp-json\/wp\/v2\/types\/product"}],"replies":[{"embeddable":true,"href":"https:\/\/insmetan.com.ar\/web\/wp-json\/wp\/v2\/comments?post=1930"}],"wp:featuredmedia":[{"embeddable":true,"href":"https:\/\/insmetan.com.ar\/web\/wp-json\/wp\/v2\/media\/1931"}],"wp:attachment":[{"href":"https:\/\/insmetan.com.ar\/web\/wp-json\/wp\/v2\/media?parent=1930"}],"wp:term":[{"taxonomy":"product_brand","embeddable":true,"href":"https:\/\/insmetan.com.ar\/web\/wp-json\/wp\/v2\/product_brand?post=1930"},{"taxonomy":"product_cat","embeddable":true,"href":"https:\/\/insmetan.com.ar\/web\/wp-json\/wp\/v2\/product_cat?post=1930"},{"taxonomy":"product_tag","embeddable":true,"href":"https:\/\/insmetan.com.ar\/web\/wp-json\/wp\/v2\/product_tag?post=1930"}],"curies":[{"name":"wp","href":"https:\/\/api.w.org\/{rel}","templated":true}]}}