{"id":2189,"date":"2022-12-01T15:11:09","date_gmt":"2022-12-01T15:11:09","guid":{"rendered":"https:\/\/insmetan.com.ar\/web\/?post_type=product&#038;p=2189"},"modified":"2022-12-01T15:26:18","modified_gmt":"2022-12-01T15:26:18","slug":"surtidores-gilbarco-prime-lhi-prime-lhi-av","status":"publish","type":"product","link":"https:\/\/insmetan.com.ar\/web\/producto\/surtidores-gilbarco-prime-lhi-prime-lhi-av\/","title":{"rendered":"Surtidores Gilbarco Prime LHI &#8211; Prime LHI-AV"},"content":{"rendered":"<p>Los Surtidores y Dispensadores de manguera baja Prime LHI y Prime LHI-AV son la soluci\u00f3n ideal para el dispensado robusto y alto caudal en sitios industriales de alta demanada.<br \/>\nEstos surtidores y dispensadores son ideales para el suministro de camiones, flotas y veh\u00edculos de gran tama\u00f1o. Su alto rendimiento y tecnolog\u00eda avanzada proporciona un funcionamiento r\u00e1pido, lo que resulta en una fuerte ventaja competitiva al momento de atraer y retener clientes.<br \/>\nLos surtidores\/dispensadores Prime LHI y Prime LHI-AV poseen la misma tecnolog\u00eda de los surtidores comerciales inteligentes de manguera alta Prime HH, sin los costos de accesorios y actualizaciones tecnol\u00f3gicas. Obtenga un equipo preparado para la integraci\u00f3n con sistemas de automatizaci\u00f3n.<br \/>\nObtenga surtidores de alto rendimiento y durabilidad, caracter\u00edsticas que marcan la diferencia en el manejo y control de la oferta.<\/p>\n<p><strong>CAUDAL DE COMBUSTIBLE<\/strong><br \/>\nPrime LHI: Caudal nominal de 50, 75 \u00f3 140 lpm<br \/>\nPrime LHI-AV: Caudal nominal de 200 \u00f3 400 lpm<\/p>\n<p><strong>CANTIDAD DE PISTOLAS\/NOZZLES<\/strong><br \/>\nPuede contar con 1 \u00f3 2 pistolas\/nozzles seg\u00fan su necesidad<\/p>\n<p><strong>ELECTR\u00d3NICA<\/strong><br \/>\n\u2022 Computador de alta tecnolog\u00eda, con CPU e interfaz integrada.<br \/>\nCPU capaz de manejar hasta 6 canales de comunicaci\u00f3n. Cuenta con una interfaz de circuito de corriente est\u00e1ndar para automatizaci\u00f3n y RS-485 opcional.<br \/>\nConsulte otras opciones de comunicaci\u00f3n para los perif\u00e9ricos.<br \/>\n\u2022 Modularidad<br \/>\nIntegre los perif\u00e9ricos que desee a medida que crece su negocio. Consulte por la pantalla multimedia opcional.<\/p>\n<p><strong>HIDR\u00c1ULICA<\/strong><br \/>\n\u2022 Unidad de bombeo ST-UBE<br \/>\nPosee engranajes compacto monobloques, una funciones de eliminaci\u00f3n de aire. A trav\u00e9s de dos filtros con malla de acero inoxidable y dos c\u00e1maras para la separaci\u00f3n de aire y gases, proporcionan estabilidad al bombeo y dosificaci\u00f3n del combustible.<br \/>\n\u2022 Medidor<br \/>\nCalibraci\u00f3n electr\u00f4nica, de desplazamiento positivo com 4 pistones (Gilbarco C+ en los modelos de 50, 75 y 140 lpm) y de engranajes lobulares en los modelos de 200 y 400 lpm. Esta construcci\u00f3n robusta aliada al dise\u00f1o que favorece el flujo de combustible para evitar la acumulaci\u00f3n de eventuales impurezas, garantizan gran durabilidad y estabilidad en la calibraci\u00f3n.<br \/>\n\u2022 Hidr\u00e1ulica optimizada: n\u00famero reducido de conexiones y cabos el\u00e9ctricos.<\/p>\n<p><strong>TERMINACI\u00d3N<\/strong><br \/>\n\u2022 Estructura y paneles de aluminio anodizado, altamente resistentes.<br \/>\n\u2022 Libre de puntos de soldadura, minimizando corrosi\u00f3n, con esquinas redondeadas que extiende la vida \u00fatil de la manguera.<\/p>\n<p><strong>CERTIFICACIONES<\/strong><br \/>\n\u2022 Certificaci\u00f3n UL Brasil<\/p>\n","protected":false},"excerpt":{"rendered":"<p>Los Surtidores y Dispensadores de manguera baja Prime LHI y Prime LHI-AV son la soluci\u00f3n ideal para el dispensado robusto y alto caudal en sitios industriales de alta demanada. Estos surtidores y dispensadores son ideales para el suministro de camiones, flotas y veh\u00edculos de gran tama\u00f1o. Su alto rendimiento y tecnolog\u00eda avanzada proporciona un funcionamiento [&hellip;]<\/p>\n","protected":false},"featured_media":2190,"comment_status":"closed","ping_status":"closed","template":"","meta":{"om_disable_all_campaigns":false,"_monsterinsights_skip_tracking":false,"_monsterinsights_sitenote_active":false,"_monsterinsights_sitenote_note":"","_monsterinsights_sitenote_category":0,"ocean_post_layout":"","ocean_both_sidebars_style":"","ocean_both_sidebars_content_width":0,"ocean_both_sidebars_sidebars_width":0,"ocean_sidebar":"0","ocean_second_sidebar":"0","ocean_disable_margins":"enable","ocean_add_body_class":"","ocean_shortcode_before_top_bar":"","ocean_shortcode_after_top_bar":"","ocean_shortcode_before_header":"","ocean_shortcode_after_header":"","ocean_has_shortcode":"","ocean_shortcode_after_title":"","ocean_shortcode_before_footer_widgets":"","ocean_shortcode_after_footer_widgets":"","ocean_shortcode_before_footer_bottom":"","ocean_shortcode_after_footer_bottom":"","ocean_display_top_bar":"default","ocean_display_header":"default","ocean_header_style":"","ocean_center_header_left_menu":"0","ocean_custom_header_template":"0","ocean_custom_logo":0,"ocean_custom_retina_logo":0,"ocean_custom_logo_max_width":0,"ocean_custom_logo_tablet_max_width":0,"ocean_custom_logo_mobile_max_width":0,"ocean_custom_logo_max_height":0,"ocean_custom_logo_tablet_max_height":0,"ocean_custom_logo_mobile_max_height":0,"ocean_header_custom_menu":"0","ocean_menu_typo_font_family":"0","ocean_menu_typo_font_subset":"","ocean_menu_typo_font_size":0,"ocean_menu_typo_font_size_tablet":0,"ocean_menu_typo_font_size_mobile":0,"ocean_menu_typo_font_size_unit":"px","ocean_menu_typo_font_weight":"","ocean_menu_typo_font_weight_tablet":"","ocean_menu_typo_font_weight_mobile":"","ocean_menu_typo_transform":"","ocean_menu_typo_transform_tablet":"","ocean_menu_typo_transform_mobile":"","ocean_menu_typo_line_height":0,"ocean_menu_typo_line_height_tablet":0,"ocean_menu_typo_line_height_mobile":0,"ocean_menu_typo_line_height_unit":"","ocean_menu_typo_spacing":0,"ocean_menu_typo_spacing_tablet":0,"ocean_menu_typo_spacing_mobile":0,"ocean_menu_typo_spacing_unit":"","ocean_menu_link_color":"","ocean_menu_link_color_hover":"","ocean_menu_link_color_active":"","ocean_menu_link_background":"","ocean_menu_link_hover_background":"","ocean_menu_link_active_background":"","ocean_menu_social_links_bg":"","ocean_menu_social_hover_links_bg":"","ocean_menu_social_links_color":"","ocean_menu_social_hover_links_color":"","ocean_disable_title":"default","ocean_disable_heading":"default","ocean_post_title":"","ocean_post_subheading":"","ocean_post_title_style":"","ocean_post_title_background_color":"","ocean_post_title_background":0,"ocean_post_title_bg_image_position":"","ocean_post_title_bg_image_attachment":"","ocean_post_title_bg_image_repeat":"","ocean_post_title_bg_image_size":"","ocean_post_title_height":0,"ocean_post_title_bg_overlay":0.5,"ocean_post_title_bg_overlay_color":"","ocean_disable_breadcrumbs":"default","ocean_breadcrumbs_color":"","ocean_breadcrumbs_separator_color":"","ocean_breadcrumbs_links_color":"","ocean_breadcrumbs_links_hover_color":"","ocean_display_footer_widgets":"default","ocean_display_footer_bottom":"default","ocean_custom_footer_template":"0"},"product_brand":[],"product_cat":[64],"product_tag":[105,76],"class_list":{"0":"post-2189","1":"product","2":"type-product","3":"status-publish","4":"has-post-thumbnail","6":"product_cat-surtidores","7":"product_tag-gilbarco","8":"product_tag-surtidores","10":"entry","11":"has-media","13":"first","14":"instock","15":"shipping-taxable","16":"purchasable","17":"product-type-simple","18":"has-product-nav","19":"col","20":"span_1_of_3","21":"owp-content-center","22":"owp-thumbs-layout-horizontal","23":"owp-btn-normal","24":"owp-tabs-layout-horizontal","25":"has-no-thumbnails"},"aioseo_notices":[],"_links":{"self":[{"href":"https:\/\/insmetan.com.ar\/web\/wp-json\/wp\/v2\/product\/2189","targetHints":{"allow":["GET"]}}],"collection":[{"href":"https:\/\/insmetan.com.ar\/web\/wp-json\/wp\/v2\/product"}],"about":[{"href":"https:\/\/insmetan.com.ar\/web\/wp-json\/wp\/v2\/types\/product"}],"replies":[{"embeddable":true,"href":"https:\/\/insmetan.com.ar\/web\/wp-json\/wp\/v2\/comments?post=2189"}],"wp:featuredmedia":[{"embeddable":true,"href":"https:\/\/insmetan.com.ar\/web\/wp-json\/wp\/v2\/media\/2190"}],"wp:attachment":[{"href":"https:\/\/insmetan.com.ar\/web\/wp-json\/wp\/v2\/media?parent=2189"}],"wp:term":[{"taxonomy":"product_brand","embeddable":true,"href":"https:\/\/insmetan.com.ar\/web\/wp-json\/wp\/v2\/product_brand?post=2189"},{"taxonomy":"product_cat","embeddable":true,"href":"https:\/\/insmetan.com.ar\/web\/wp-json\/wp\/v2\/product_cat?post=2189"},{"taxonomy":"product_tag","embeddable":true,"href":"https:\/\/insmetan.com.ar\/web\/wp-json\/wp\/v2\/product_tag?post=2189"}],"curies":[{"name":"wp","href":"https:\/\/api.w.org\/{rel}","templated":true}]}}